{"id":99,"date":"2020-10-12T20:29:08","date_gmt":"2020-10-12T18:29:08","guid":{"rendered":"http:\/\/clg-victor-hugo-bourges.tice.ac-orleans-tours.fr\/php5\/?page_id=99"},"modified":"2020-12-17T20:18:59","modified_gmt":"2020-12-17T19:18:59","slug":"le-mot-du-principal","status":"publish","type":"page","link":"http:\/\/clg-victor-hugo-bourges.tice.ac-orleans-tours.fr\/php5\/le-mot-du-principal\/","title":{"rendered":"Le mot du principal"},"content":{"rendered":"\n<p>Bienvenue sur le site du coll\u00e8ge Victor Hugo de Bourges!<\/p>\n\n\n\n<p>Ce site a \u00e9t\u00e9 int\u00e9gralement reconstruit avec les personnels du coll\u00e8ge.<\/p>\n\n\n\n<p>Nous avons souhait\u00e9 un site agr\u00e9able, dynamique, et utile qui refl\u00e8te au mieux la vie du coll\u00e8ge et les actions p\u00e9dagogiques et \u00e9ducatives qui y sont men\u00e9es.<\/p>\n\n\n\n<p>Vous y d\u00e9couvrirez des informations pratiques sur l\u2019organisation du coll\u00e8ge, des liens utiles (CherCaN, Association des Parents, \u2026) mais \u00e9galement un fil d\u2019actualit\u00e9 qui pr\u00e9sente des informations et des actions quotidiennes.<\/p>\n\n\n\n<p>Le coll\u00e8ge Victor Hugo accueille de nombreux dispositifs et projets&nbsp;:<\/p>\n\n\n\n<ul><li>Classe \u00e0 Horaires Am\u00e9nag\u00e9s Musique (CHAM)<\/li><li>Classe \u00e0 Horaires Am\u00e9nag\u00e9s Danse (CHAD)<\/li><li>Une unit\u00e9 p\u00e9dagogique pour \u00e9l\u00e8ves allophones arrivants (UPE2A)<\/li><li>Une unit\u00e9 localis\u00e9e pour l&rsquo;inclusion scolaire (ULIS)<\/li><li>Une Section <a href=\"https:\/\/fr.wikipedia.org\/wiki\/Section_d%27enseignement_g%C3%A9n%C3%A9ral_et_professionnel_adapt%C3%A9#:~:text=Dans%20le%20syst%C3%A8me%20%C3%A9ducatif%20fran%C3%A7ais,d'apprentissage%20graves%20et%20durables.\" data-type=\"URL\" data-id=\"https:\/\/fr.wikipedia.org\/wiki\/Section_d%27enseignement_g%C3%A9n%C3%A9ral_et_professionnel_adapt%C3%A9#:~:text=Dans%20le%20syst%C3%A8me%20%C3%A9ducatif%20fran%C3%A7ais,d'apprentissage%20graves%20et%20durables.\">d\u2019Enseignement G\u00e9n\u00e9ral et Professionnel Adapt\u00e9 (SEGPA) avec ses deux champs professionnels (en 4<sup>\u00e8me<\/sup> et 3<sup>\u00e8me<\/sup>)\u00a0:<\/a><ul><li>Hygi\u00e8ne, Alimentation, Service<\/li><li>Production Industriel<\/li><\/ul><\/li><li>Option Latin d\u00e8s la 5<sup>\u00e8me<\/sup><\/li><li>Une section bi-langue Allemand (d\u00e8s la 6<sup>\u00e8me<\/sup>)<\/li><li>Des projets culturels vari\u00e9s<\/li><li>Des sorties et des voyages culturels<\/li><\/ul>\n\n\n\n<p>A travers ces nombreux projets, l\u2019ensemble des personnels \u0153uvrent au quotidien pour la r\u00e9ussite des \u00e9l\u00e8ves<\/p>\n\n\n\n<p>Enfin, gr\u00e2ce \u00e0 un dialogue constant et de qualit\u00e9 avec les familles, nous veillons \u00e0 transmettre et faire vivre les valeurs de la R\u00e9publique afin que les coll\u00e9giens d&rsquo;aujourd&rsquo;hui deviennent les citoyens de demain, responsables et autonomes.<\/p>\n\n\n\n<p>Bonne visite&nbsp;!<\/p>\n\n\n\n<p>Le Principal<\/p>\n","protected":false},"excerpt":{"rendered":"<p>Bienvenue sur le site du coll\u00e8ge Victor Hugo de Bourges! Ce site a \u00e9t\u00e9 int\u00e9gralement reconstruit avec les personnels du coll\u00e8ge. Nous avons souhait\u00e9 un site agr\u00e9able, dynamique, et utile qui refl\u00e8te au mieux&#46;&#46;&#46;<\/p>\n","protected":false},"author":1,"featured_media":0,"parent":0,"menu_order":0,"comment_status":"closed","ping_status":"closed","template":"","meta":[],"_links":{"self":[{"href":"http:\/\/clg-victor-hugo-bourges.tice.ac-orleans-tours.fr\/php5\/wp-json\/wp\/v2\/pages\/99"}],"collection":[{"href":"http:\/\/clg-victor-hugo-bourges.tice.ac-orleans-tours.fr\/php5\/wp-json\/wp\/v2\/pages"}],"about":[{"href":"http:\/\/clg-victor-hugo-bourges.tice.ac-orleans-tours.fr\/php5\/wp-json\/wp\/v2\/types\/page"}],"author":[{"embeddable":true,"href":"http:\/\/clg-victor-hugo-bourges.tice.ac-orleans-tours.fr\/php5\/wp-json\/wp\/v2\/users\/1"}],"replies":[{"embeddable":true,"href":"http:\/\/clg-victor-hugo-bourges.tice.ac-orleans-tours.fr\/php5\/wp-json\/wp\/v2\/comments?post=99"}],"version-history":[{"count":3,"href":"http:\/\/clg-victor-hugo-bourges.tice.ac-orleans-tours.fr\/php5\/wp-json\/wp\/v2\/pages\/99\/revisions"}],"predecessor-version":[{"id":138,"href":"http:\/\/clg-victor-hugo-bourges.tice.ac-orleans-tours.fr\/php5\/wp-json\/wp\/v2\/pages\/99\/revisions\/138"}],"wp:attachment":[{"href":"http:\/\/clg-victor-hugo-bourges.tice.ac-orleans-tours.fr\/php5\/wp-json\/wp\/v2\/media?parent=99"}],"curies":[{"name":"wp","href":"https:\/\/api.w.org\/{rel}","templated":true}]}}

<p>Bienvenue sur le site du collège Victor Hugo de Bourges!</p>



<p>Ce site a été intégralement reconstruit avec les personnels du collège.</p>



<p>Nous avons souhaité un site agréable, dynamique, et utile qui reflète au mieux la vie du collège et les actions pédagogiques et éducatives qui y sont menées.</p>



<p>Vous y découvrirez des informations pratiques sur l’organisation du collège, des liens utiles (CherCaN, Association des Parents, …) mais également un fil d’actualité qui présente des informations et des actions quotidiennes.</p>



<p>Le collège Victor Hugo accueille de nombreux dispositifs et projets&nbsp;:</p>



<ul><li>Classe à Horaires Aménagés Musique (CHAM)</li><li>Classe à Horaires Aménagés Danse (CHAD)</li><li>Une unité pédagogique pour élèves allophones arrivants (UPE2A)</li><li>Une unité localisée pour l&rsquo;inclusion scolaire (ULIS)</li><li>Une Section <a href="https://fr.wikipedia.org/wiki/Section_d%27enseignement_g%C3%A9n%C3%A9ral_et_professionnel_adapt%C3%A9#:~:text=Dans%20le%20syst%C3%A8me%20%C3%A9ducatif%20fran%C3%A7ais,d'apprentissage%20graves%20et%20durables." data-type="URL" data-id="https://fr.wikipedia.org/wiki/Section_d%27enseignement_g%C3%A9n%C3%A9ral_et_professionnel_adapt%C3%A9#:~:text=Dans%20le%20syst%C3%A8me%20%C3%A9ducatif%20fran%C3%A7ais,d'apprentissage%20graves%20et%20durables.">d’Enseignement Général et Professionnel Adapté (SEGPA) avec ses deux champs professionnels (en 4<sup>ème</sup> et 3<sup>ème</sup>) :</a><ul><li>Hygiène, Alimentation, Service</li><li>Production Industriel</li></ul></li><li>Option Latin dès la 5<sup>ème</sup></li><li>Une section bi-langue Allemand (dès la 6<sup>ème</sup>)</li><li>Des projets culturels variés</li><li>Des sorties et des voyages culturels</li></ul>



<p>A travers ces nombreux projets, l’ensemble des personnels œuvrent au quotidien pour la réussite des élèves</p>



<p>Enfin, grâce à un dialogue constant et de qualité avec les familles, nous veillons à transmettre et faire vivre les valeurs de la République afin que les collégiens d&rsquo;aujourd&rsquo;hui deviennent les citoyens de demain, responsables et autonomes.</p>



<p>Bonne visite&nbsp;!</p>



<p>Le Principal</p>

<p>Bienvenue sur le site du collège Victor Hugo de Bourges! Ce site a été intégralement reconstruit avec les personnels du collège. Nous avons souhaité un site agréable, dynamique, et utile qui reflète au mieux&#46;&#46;&#46;</p>
