{"id":468,"date":"2021-01-19T19:03:58","date_gmt":"2021-01-19T18:03:58","guid":{"rendered":"http:\/\/clg-victor-hugo-bourges.tice.ac-orleans-tours.fr\/php5\/?page_id=198"},"modified":"2021-01-19T19:03:58","modified_gmt":"2021-01-19T18:03:58","slug":"cham-2","status":"publish","type":"page","link":"http:\/\/clg-victor-hugo-bourges.tice.ac-orleans-tours.fr\/php5\/cham-2\/","title":{"rendered":"Cham"},"content":{"rendered":"\n<p>La CHAM (Classe \u00e0 Horaires Am\u00e9nag\u00e9s Musique) est un dispositif en partenariat avec le conservatoire de musique de Bourges. Les cours sont dispens\u00e9s par les professeurs du conservatoire et se d\u00e9roulent le mercredi matin et le jeudi apr\u00e8s-midi au hublot ou au coll\u00e8ge selon l\u2019instrument.<\/p>\n\n\n\n<p>LA CHAM existe au coll\u00e8ge depuis plus de dix ans maintenant et permet aux \u00e9l\u00e8ves du coll\u00e8ge qui le souhaitent d\u2019apprendre un instrument de musique et de devenir \u00e9l\u00e8ve du conservatoire. Le recrutement se fait en CM2. La demande passe par le professeur des \u00e9coles de l\u2019\u00e9l\u00e8ve qui transmet le dossier au coll\u00e8ge. Les \u00e9l\u00e8ves inscrits poursuivent leur cursus jusqu\u2019en 3<sup>\u00e8me<\/sup> et peuvent continuer au lyc\u00e9e Alain Fournier.<\/p>\n\n\n\n<p>Selon l\u2019instrument, les \u00e9l\u00e8ves suivent une fili\u00e8re \u00ab\u00a0classique\u00a0\u00bb ou \u00ab\u00a0musiques actuelles-jazz\u00a0\u00bb. <\/p>\n\n\n\n<ul><li>Fili\u00e8re classique\u00a0: <ul><li>en 6<sup>\u00e8me<\/sup>, les \u00e9l\u00e8ves suivent des cours d\u2019instrument ainsi qu&rsquo;une formation musicale au conservatoire. Parall\u00e8lement, ils suivent 1h suppl\u00e9mentaire de musique CHAM et participent la chorale au coll\u00e8ge. <\/li><li>En 5<sup>\u00e8me<\/sup> se rajoute l\u2019orchestre.<\/li><\/ul><\/li><\/ul>\n\n\n\n<ul><li>Fili\u00e8re musiques actuelles-jazz\u00a0(de la 6<sup>\u00e8me<\/sup> \u00e0 la 3<sup>\u00e8me<\/sup>): les \u00e9l\u00e8ves suivent des cours d\u2019instrument et participent aux ateliers (pour apprendre \u00e0 jouer en groupe). Ils suivent 1h suppl\u00e9mentaire de musique CHAM et la chorale au coll\u00e8ge.<\/li><\/ul>\n\n\n\n<p>C\u2019est une ouverture culturelle formidable et ouverte \u00e0 tous les \u00e9l\u00e8ves du coll\u00e8ge qui le souhaitent. Les \u00e9l\u00e8ves apprennent non seulement un instrument, mais \u00e9galement \u00e0 jouer et \u00e0 chanter ensemble. Ils participent aux auditions avec les autres \u00e9l\u00e8ves du conservatoire, ils font des concerts et participent autant que possible \u00e0 divers spectacles en tant que spectateur.<\/p>\n","protected":false},"excerpt":{"rendered":"<p>La CHAM (Classe \u00e0 Horaires Am\u00e9nag\u00e9s Musique) est un dispositif en partenariat avec le conservatoire de musique de Bourges. Les cours sont dispens\u00e9s par les professeurs du conservatoire et se d\u00e9roulent le mercredi matin&#46;&#46;&#46;<\/p>\n","protected":false},"author":2,"featured_media":0,"parent":0,"menu_order":0,"comment_status":"closed","ping_status":"closed","template":"","meta":[],"_links":{"self":[{"href":"http:\/\/clg-victor-hugo-bourges.tice.ac-orleans-tours.fr\/php5\/wp-json\/wp\/v2\/pages\/468"}],"collection":[{"href":"http:\/\/clg-victor-hugo-bourges.tice.ac-orleans-tours.fr\/php5\/wp-json\/wp\/v2\/pages"}],"about":[{"href":"http:\/\/clg-victor-hugo-bourges.tice.ac-orleans-tours.fr\/php5\/wp-json\/wp\/v2\/types\/page"}],"author":[{"embeddable":true,"href":"http:\/\/clg-victor-hugo-bourges.tice.ac-orleans-tours.fr\/php5\/wp-json\/wp\/v2\/users\/2"}],"replies":[{"embeddable":true,"href":"http:\/\/clg-victor-hugo-bourges.tice.ac-orleans-tours.fr\/php5\/wp-json\/wp\/v2\/comments?post=468"}],"version-history":[{"count":0,"href":"http:\/\/clg-victor-hugo-bourges.tice.ac-orleans-tours.fr\/php5\/wp-json\/wp\/v2\/pages\/468\/revisions"}],"wp:attachment":[{"href":"http:\/\/clg-victor-hugo-bourges.tice.ac-orleans-tours.fr\/php5\/wp-json\/wp\/v2\/media?parent=468"}],"curies":[{"name":"wp","href":"https:\/\/api.w.org\/{rel}","templated":true}]}}