{"id":202,"date":"2021-01-20T21:02:40","date_gmt":"2021-01-20T20:02:40","guid":{"rendered":"http:\/\/clg-victor-hugo-bourges.tice.ac-orleans-tours.fr\/php5\/?page_id=202"},"modified":"2021-01-20T21:02:41","modified_gmt":"2021-01-20T20:02:41","slug":"fse","status":"publish","type":"page","link":"http:\/\/clg-victor-hugo-bourges.tice.ac-orleans-tours.fr\/php5\/fse\/","title":{"rendered":"FSE"},"content":{"rendered":"\n<div class=\"wp-block-image\"><figure class=\"alignright size-large is-resized\"><img decoding=\"async\" loading=\"lazy\" src=\"http:\/\/clg-victor-hugo-bourges.tice.ac-orleans-tours.fr\/php5\/wp-content\/uploads\/2021\/01\/image-1.png\" alt=\"\" class=\"wp-image-213\" width=\"261\" height=\"210\" srcset=\"http:\/\/clg-victor-hugo-bourges.tice.ac-orleans-tours.fr\/php5\/wp-content\/uploads\/2021\/01\/image-1.png 578w, http:\/\/clg-victor-hugo-bourges.tice.ac-orleans-tours.fr\/php5\/wp-content\/uploads\/2021\/01\/image-1-300x241.png 300w\" sizes=\"(max-width: 261px) 100vw, 261px\" \/><\/figure><\/div>\n\n\n\n<p><strong>Le Foyer Socio-Educatif du coll\u00e8ge Victor Hugo.<\/strong><\/p>\n\n\n\n<p><strong>Qu&rsquo;est-ce qu&rsquo;un foyer socio-\u00e9ducatif\u00a0?<\/strong><\/p>\n\n\n\n<p>Les <strong>foyers socio-\u00e9ducatifs<\/strong> (F.S.E) sont des associations constitu\u00e9es au sein des \u00e9tablissements scolaires dans le but de participer \u00e0 la finalit\u00e9 \u00e9ducative de ceux-ci par le biais d&rsquo;activit\u00e9s diverses, mais aussi dans le but de d\u00e9velopper chez les \u00e9l\u00e8ves le sens des responsabilit\u00e9s. Les \u00e9l\u00e8ves le connaissent surtout pour les clubs et activit\u00e9s propos\u00e9s par un adulte. Le F.S.E est dot\u00e9 d&rsquo;un budget propre, financ\u00e9 par les cotisations des \u00e9l\u00e8ves (par adh\u00e9sion facultative) et par la vente d\u2019objets divers comme les photos de classe par exemple et par l&rsquo;organisation de manifestations. Il peut recevoir des dons ou des subventions.<\/p>\n\n\n\n<p><strong>Le foyer peut aussi \u00eatre une salle \u00e0 la libre disposition des \u00e9l\u00e8ves durant les pauses (de d\u00e9jeuner, ou \u00e0 toute heure) sous la surveillance d&rsquo;un adulte. Il est synonyme de d\u00e9tente aupr\u00e8s des \u00e9l\u00e8ves.<br><\/strong><br>Le foyer socio-\u00e9ducatif est une association qui a son si\u00e8ge au sein de l&rsquo;\u00e9tablissement. C&rsquo;est une personne morale de droit priv\u00e9 dont la comptabilit\u00e9 et les responsabilit\u00e9s sont distinctes de celles de l&rsquo;\u00e9tablissement scolaire.<\/p>\n\n\n\n<p><strong>A quoi sert l&rsquo;argent des cotisations et des subventions ? Pourquoi cotiser ?<\/strong><\/p>\n\n\n\n<p>La cotisation s\u2019\u00e9l\u00e8ve \u00e0 <strong>4 euros<\/strong>. Il est possible de donner davantage. Elle sert \u00e0 financer entre autre\u00a0:<\/p>\n\n\n\n<ul><li>une partie du co\u00fbt des voyages p\u00e9dagogiques (une partie de l&rsquo;argent donn\u00e9e est donc r\u00e9cup\u00e9r\u00e9e si votre enfant participe \u00e0 un voyage)<\/li><li>le mat\u00e9riel n\u00e9cessaire \u00e0 diff\u00e9rents clubs,<\/li><li>l&rsquo;achat et la gestion des photos de classe,<\/li><li>du mat\u00e9riel pour le foyer (boites de jeux),<\/li><li>une partie du financement de divers projets p\u00e9dagogiques ponctuels (participation aux sorties p\u00e9dagogiques, concours divers)<\/li><\/ul>\n\n\n\n<p>Cette ann\u00e9e, le FSE a mis en vente des sweats \u00e0 l&rsquo;effigie du coll\u00e8ge. Les \u00e9l\u00e8ves et les professeurs ont adh\u00e9r\u00e9 au projet de mani\u00e8re significative. L&rsquo;op\u00e9ration pourra \u00eatre propos\u00e9e \u00e0 nouveau dans quelques mois.<\/p>\n\n\n\n<div style=\"width: 100%;\"><div style=\"position: relative; padding-bottom: 56.25%; padding-top: 0; height: 0;\"><iframe loading=\"lazy\" style=\"position: absolute; top: 0; left: 0; width: 100%; height: 100%;\" src=\"https:\/\/view.genial.ly\/5f80118033ec060d681fa7ad\" type=\"text\/html\" allowscriptaccess=\"always\" allowfullscreen=\"true\" scrolling=\"yes\" allownetworking=\"all\" width=\"1200\" height=\"675\" frameborder=\"0\"><\/iframe> <\/div> <\/div>\n\n\n\n<p>Le FSE a \u00e9galement fait don \u00e0 tous les \u00e9l\u00e8ves de 4\u00e8me et de 3\u00e8me d&rsquo;une cl\u00e9 usb de 8 go pour les aider dans la r\u00e9alisation de leurs travaux num\u00e9riques.<\/p>\n\n\n\n<div class=\"wp-block-image\"><figure class=\"aligncenter size-large\"><img decoding=\"async\" loading=\"lazy\" width=\"279\" height=\"111\" src=\"http:\/\/clg-victor-hugo-bourges.tice.ac-orleans-tours.fr\/php5\/wp-content\/uploads\/2021\/01\/image.png\" alt=\"\" class=\"wp-image-211\"\/><\/figure><\/div>\n\n\n\n<p><\/p>\n","protected":false},"excerpt":{"rendered":"<p>Le Foyer Socio-Educatif du coll\u00e8ge Victor Hugo. Qu&rsquo;est-ce qu&rsquo;un foyer socio-\u00e9ducatif\u00a0? Les foyers socio-\u00e9ducatifs (F.S.E) sont des associations constitu\u00e9es au sein des \u00e9tablissements scolaires dans le but de participer \u00e0 la finalit\u00e9 \u00e9ducative de&#46;&#46;&#46;<\/p>\n","protected":false},"author":2,"featured_media":0,"parent":0,"menu_order":0,"comment_status":"closed","ping_status":"closed","template":"","meta":[],"_links":{"self":[{"href":"http:\/\/clg-victor-hugo-bourges.tice.ac-orleans-tours.fr\/php5\/wp-json\/wp\/v2\/pages\/202"}],"collection":[{"href":"http:\/\/clg-victor-hugo-bourges.tice.ac-orleans-tours.fr\/php5\/wp-json\/wp\/v2\/pages"}],"about":[{"href":"http:\/\/clg-victor-hugo-bourges.tice.ac-orleans-tours.fr\/php5\/wp-json\/wp\/v2\/types\/page"}],"author":[{"embeddable":true,"href":"http:\/\/clg-victor-hugo-bourges.tice.ac-orleans-tours.fr\/php5\/wp-json\/wp\/v2\/users\/2"}],"replies":[{"embeddable":true,"href":"http:\/\/clg-victor-hugo-bourges.tice.ac-orleans-tours.fr\/php5\/wp-json\/wp\/v2\/comments?post=202"}],"version-history":[{"count":11,"href":"http:\/\/clg-victor-hugo-bourges.tice.ac-orleans-tours.fr\/php5\/wp-json\/wp\/v2\/pages\/202\/revisions"}],"predecessor-version":[{"id":216,"href":"http:\/\/clg-victor-hugo-bourges.tice.ac-orleans-tours.fr\/php5\/wp-json\/wp\/v2\/pages\/202\/revisions\/216"}],"wp:attachment":[{"href":"http:\/\/clg-victor-hugo-bourges.tice.ac-orleans-tours.fr\/php5\/wp-json\/wp\/v2\/media?parent=202"}],"curies":[{"name":"wp","href":"https:\/\/api.w.org\/{rel}","templated":true}]}}